actors of (-5)/(-15) + 275/d.
2, 23
Suppose 107*u = -106*u + 228*u - 232995. What are the prime factors of u?
7, 317
Let m = -9457 + 11205. List the prime factors of m.
2, 19, 23
Suppose 3*h - 404 = 265. Let n = h + -102. List the prime factors of n.
11
Suppose w - 19 = -4*h, -2*w = -3*w + 3. Let o be h - (-2 - 12/(-3)). Suppose -315 = -2*y - o*y - d, -140 = -2*y - 4*d. What are the prime factors of y?
2, 5
Let o(d) = -276*d + 59. Let w be o(-9). Let p = -1330 + w. What are the prime factors of p?
1213
Suppose 3*u - 113 = -i, i - u - 113 = 3*u. Suppose 36*s - 103 = i. What are the prime factors of s?
2, 3
Suppose 5*j - 48 = u, j + 0*j - 24 = 5*u. Suppose 4738 = j*c + 778. What are the prime factors of c?
2, 5, 11
Let j(r) = 4*r**2 - 92*r - 1683. List the prime factors of j(-48).
3, 7, 569
Let y be 3/2*2/(-3). Let a(c) = c + 15 - 80*c**3 - 1 - 13 - 17*c**3. What are the prime factors of a(y)?
97
Let w = 11091 + -3345. List the prime factors of w.
2, 3, 1291
Suppose -4*z + 5*t = -16960, 5*t = -z + 3978 + 287. Suppose 28*r - 18133 = -z. What are the prime factors of r?
2, 31
Suppose -3*j - 453 = -q - 2*q, 0 = -3*q - 5*j + 437. Suppose 0 = -u + 525 - q. What are the prime factors of u?
2, 47
Let g = 49846 + -3896. List the prime factors of g.
2, 5, 919
Suppose 9*p = 5*z - 35217, -3*p = 7 + 2. What are the prime factors of z?
2, 3, 17, 23
Let o be (16/(-12))/((-4)/6) + 8. Let h(n) = -3*n**3 + 29*n**2 + 14*n - 14. What are the prime factors of h(o)?
2, 13
Suppose 4*d + 6 = 26, -3*d = 2*v - 91. Suppose 35 = 3*p - 5*c, -3 = 4*p + 5*c - v. Suppose -p*z + 468 = -7*z. List the prime factors of z.
2, 3, 13
Let g(r) = -r**3 - 16*r**2 - 14*r. Let v be g(-15). What are the prime factors of 57*(140/v)/(-2)?
2, 7, 19
Let r = -175 - -316. Suppose 577 - r = 2*c + 4*d, c = 5*d + 253. List the prime factors of c.
2, 3, 19
Let v = -182 - 27. Let r = v - -552. List the prime factors of r.
7
Let p = 42 + -38. Let m = 6 + p. Suppose l - 20 - m = 0. List the prime factors of l.
2, 3, 5
What are the prime factors of 61/((-60)/1824*182 - (-1 + -5))?
2, 19, 61
Suppose -167*b + 522348 = 7*b. List the prime factors of b.
2, 19, 79
Let w(r) = r + 20. Let x be w(-19). List the prime factors of x/(-3) + 1490/15 + 2.
101
Suppose 3*z + 7 = -2*o, 5 - 13 = 3*o + 4*z. Suppose 13*l = o*l + 486. Suppose c = 24 + l. List the prime factors of c.
2, 3, 13
Let f be -1 + 2 - 2 - -2. Let r be -6 + 11 + -4 - f*-1. What are the prime factors of 239*r/6 - (-10)/(-15)?
79
Suppose 2*v - 4045 = -s, 6520 = 2*s + v - 1564. List the prime factors of s.
3, 449
Let o(a) = 64*a**2 - 25*a + 98. What are the prime factors of o(7)?
7, 19, 23
Let h(p) = 2*p**3 - 62*p**2 - 42*p + 64. Let g(o) = -o**3 + 30*o**2 + 21*o - 32. Let d(u) = 5*g(u) + 2*h(u). What are the prime factors of d(26)?
2, 257
Let c(r) = r**3 + 63*r**2 + 53*r - 192. List the prime factors of c(-60).
2, 3, 619
Let z be 48/32*(-52)/1. Let w = z + 232. What are the prime factors of w?
2, 7, 11
Suppose -4*a + 8*a = 8. Suppose 487 = o + m, -a*o = 3*o - 4*m - 2399. List the prime factors of o.
3, 7, 23
Suppose 16 = 8*d - 11*d - 2*l, 24 = -2*d + 2*l. Let q(y) = 8*y**2 + 15*y - 5. List the prime factors of q(d).
3, 43
Let k be (-13 - -20)/(1/8). Let t = k - -21. List the prime factors of t.
7, 11
Let t = 35 - 31. Let l be (-10)/t*(-6 - -4). Suppose -l*n - 6*k + 2*k + 25 = 0, -3*n + 15 = -4*k. List the prime factors of n.
5
Suppose 4*d + 33 - 78 = -3*a, 4*a - 53 = -3*d. Let w(l) = 23*l + 24. What are the prime factors of w(a)?
277
Let g = -5155 + 7263. Suppose -4*y = -2*l - 2982, -3*l - 127 = -3*y + g. List the prime factors of y.
2, 373
Let l(y) = 672*y - 4120. What are the prime factors of l(74)?
2, 5701
Suppose 0 = 5*u - a + 1801 - 34007, 0 = 5*u + 4*a - 32201. What are the prime factors of u?
3, 19, 113
Let o = -57182 + 96063. List the prime factors of o.
59, 659
Suppose 2*g - 81328 = 5*n, -g - 3*n = -32469 - 8151. List the prime factors of g.
2, 3, 1129
Let l(s) be the first derivative of -33*s**2/2 + 51*s - 33. List the prime factors of l(-9).
2, 3, 29
Let m(l) = -3*l - 4*l + 15 + 3*l + 2. Let q be m(9). Let s = -1 - q. List the prime factors of s.
2, 3
Let g = -20995 + 31100. List the prime factors of g.
5, 43, 47
Suppose -9*o - 8 = -2*l - 6*o, -5*o = 10. List the prime factors of ((-30)/4)/(l/(-254)).
3, 5, 127
Suppose 3*z + 0*z + 33 = 4*k, 0 = -k + z + 9. Let t(h) = -149*h**3 - 2*h**2 - 2*h - 1. Let i be t(-1). List the prime factors of i/k - (-3)/9.
5
Let t(v) = 8*v**2 - 43*v - 84. What are the prime factors of t(-27)?
3, 7, 47
Let i(r) = r**2 + r + 1. Let y(n) = -6*n**2 - 6*n - 7. Let v(p) = -15*i(p) - 3*y(p). Let a be v(7). Let l = a + -116. What are the prime factors of l?
2, 29
Let g(q) = q**2 + 29*q + 4385. What are the prime factors of g(178)?
41231
Let i(c) = -76*c**3 - 5*c**2 - 4*c - 1. Let n be i(-1). Let d = 1098 - n. What are the prime factors of d?
2
Suppose -3 = 5*v + 4*i, 5*i - 4*i + 7 = 5*v. Let a be 6 + -7 + (-2 + 7 - v). Suppose -3*h = -2*z - z + 42, 5*z = -a*h + 94. List the prime factors of z.
17
Let s(u) = 13*u**2 + 11. Let o be 2878/22 + (-2)/(-11). Let k = o + -127. What are the prime factors of s(k)?
3, 73
Let h = 293 - 187. Suppose -4*m + 4*s + 88 = 0, -2*m = 2*m + 5*s - h. What are the prime factors of 718*(-3)/(-24) - 18/m?
89
Let i = 324 + -315. List the prime factors of 45/i*1 - (-604)/2.
307
Let a = 6772 + -6453. What are the prime factors of a?
11, 29
Let x = 44 + 48. Let w be x/(-3) - 3/9. List the prime factors of 1 - 3 - (w - 12).
41
Let c be 12/9*(-105)/(-10). Suppose -3*v - 4*r = -324, c*v + 3*r - 321 = 11*v. List the prime factors of v.
2, 13
Suppose -9*p + 270 = -135. Suppose 0 = -3*t - y + 2298, 50*y - p*y = 0. List the prime factors of t.
2, 383
Let n(f) = 35*f**2 - 2*f + 13. Let i be n(-4). Suppose 0 = -k + y + i, 5*y = 4*y - 1. Let w = -371 + k. List the prime factors of w.
11, 19
Let n = 633 + -629. Suppose n*s - 1435 - 1341 = 0. What are the prime factors of s?
2, 347
Let n be 2/((-1136)/(-280) - 4). Suppose 6*x + n = 323. List the prime factors of x.
2, 3
Let i(m) = 6*m + 12. Let u = -59 + 62. Suppose -13*j + u*j = -180. What are the prime factors of i(j)?
2, 3, 5
What are the prime factors of 3*157510/120 - 1/(-4)?
2, 11, 179
Let z = -10978 + 15398. List the prime factors of z.
2, 5, 13, 17
Let w be (14 - (1 - 2))/(3 - 2). Let i be (-2 - (-24)/w) + (-1362)/(-30). What are the prime factors of 759/45 - (-6)/i?
17
Suppose 0 = -2*z, -374*z + 29186 = 2*p - 373*z. List the prime factors of p.
14593
Let c be (-1)/(-1 + 0)*(-985 + 16). Let y = 1427 + c. What are the prime factors of y?
2, 229
Suppose -4*l - 3*s = -5, 3*l - 2*s = -5*s. Suppose -l*j + 1159 = -2*t, -5*j - 3*t + 6*t = -1156. List the prime factors of j.
233
Let c be (-21)/(-9) + -2 + 2012/3. Let k = c - 334. List the prime factors of k.
337
Let b = 505 + -503. Suppose b = -2*d - 4*s + 1304, 4*d + 4*s - 2584 = 0. List the prime factors of d.
641
Let j(c) = -14*c**3 + 10*c**2 + 3*c + 49. What are the prime factors of j(-8)?
3, 7, 373
Let p(v) be the first derivative of v**4/4 - 7*v**3 + 19*v**2 + 25*v - 18. List the prime factors of p(20).
5, 7, 11
Let m(d) = 6*d + 25*d - 70 + 10*d - 5*d. List the prime factors of m(3).
2, 19
Let y(w) = w**3 + 37*w**2 + 13*w + 107. What are the prime factors of y(-21)?
2, 5, 13, 53
Let r be ((-6)/15)/((-4)/40). Suppose -r*f - 86 = -618. List the prime factors of f.
7, 19
Suppose 35516 - 757380 = -44*a. What are the prime factors of a?
2, 13, 631
Suppose 369*n + 5606668 = 533*n. What are the prime factors of n?
17, 2011
Let q be (-45)/(-10)*(-16)/(-36). Suppose -q*i = 4*t + 8, 4*t - 34 = 3*i + 2*i. What are the prime factors of 3/(i*5/(-880))?
2, 11
Suppose 0 = -0*m + 3*m + 51. Let v be 4 - (-3 + m)*-10. Let x = v + 417. List the prime factors of x.
13, 17
Suppose -592*r + 603*r - 3859 - 39987 = 0. What are the prime factors of r?
2, 1993
Let j be 1 + 3*(-2)/((-18)/3). Let y(m) = 194*m + 6. List the prime factors of y(j).
2, 197
Suppose -3*l + 1469 = 4*u - 0*u, -3*u - 4*l + 1093 = 0. Suppose 381*g = u*g + 9400. What are the prime factors of g?
2, 5, 47
Suppose -2*j + 4*q = 4626 - 23920, -q - 86976 = -9*j. What are the prime factors of j?
5, 1933
Suppose 0 = 5*h - 10*h + 7785. Suppose -h = -9*m - 0*m. Le